1 + 13 + -281 + 318?
51
What is the value of (38 - -1) + (-12 - ((-25 - (-3 + -17)) + -14))?
46
Calculate 63 - -21 - 78 - (3 + -14).
17
Calculate (-58 - 1) + 3 + (-218 - -203).
-71
Calculate -2 + -5 + ((45 - 4) + -33 - (1 + 5)).
-5
What is the value of (-2 - (2 + -1 + 0)) + (24 - (-108 + 103))?
26
Calculate -9295 + 9281 - (1 + -56 - (1 + 1)).
43
What is 0 + 0 + -12 + (13 - -27 - 14) + -24?
-10
Calculate (2 - -10) + 93 + -41 + -40.
24
What is the value of (649 - 663) + (-2 + 2 + -2 - 1) - -8?
-9
Calculate -6 + -5 + 30 - (-198 + 168).
49
Evaluate 56 + -166 + 5 + 84.
-21
What is the value of (-5 - (-5 - -2) - (300 - 291)) + 22?
11
Calculate 466 + -473 - (-2 + -4 - -3 - (5 - -7)).
8
-13 - (14 + -4 + (8 - (4 - 1)))
-28
(5 - -58 - 46) + 5 + -45
-23
Calculate -110 + (3 - (-15 - -2)) + -8 + -5 + 10.
-97
Evaluate -1 + -67 + (207 - 242) + 48 + -1.
-56
What is the value of 1 + -98 + 12 + -2 - -9 - (-4 - 2)?
-72
What is the value of (11 - (-17 + (3 - -4) + 32)) + 15 - 16?
-12
Evaluate -7377 - -7474 - (1 - -168).
-72
(-6 - (35 - -1) - 1 - 6 - -11) + -7
-45
What is -30 - -4 - (-31 - -18)?
-13
Calculate 23 + -8 - 1 - (-166 - -148).
32
Evaluate -77 + (27 - (27 - 64)).
-13
What is 48 + -297 + 236 + 25 + 2?
14
What is (204 - 205) + -3 + 20 + 1 + 39?
56
What is -7 + 14 - (394 - 402) - (-29 + (0 - -2))?
42
(-2 - 2) + -1 + 4 + (26 - 189 - -73)
-91
-286 + (109 - -142) + -101
-136
Evaluate 15 + -7 - 20 - (-6 + -18 + 4).
8
Evaluate (-2 - -17 - (51 - (5 - -11))) + -1 + -2.
-23
What is (32 - -43 - 87) + (5 + -3 - (-1 - 10))?
1
-3 - 3 - ((4 - 27 - -14) + -5) - 5
3
What is the value of 63 + (-125 - (-109 - 56))?
103
What is the value of -3857 - -3808 - (1 + -29)?
-21
Calculate -23 + 183 + -41 + -242.
-123
Calculate -3 - 25 - ((-7 - -19 - 8) + -11).
-21
What is the value of -6 + 11 + 297 + -307?
-5
What is 3 - (-33 + 14) - 18 - (-6 - 5)?
15
Evaluate (70 + -60 - (20 - -3)) + 21.
8
What is the value of (10 - (-7 + 13)) + -8 - -3 - 5?
-6
What is (11 - 47 - -5) + 24?
-7
Calculate 36 + -20 + (85 - 73).
28
2 + (-41 - 4) - (110 + -68 - 40)
-45
Evaluate (-1 - (89 + -2)) + -84 + 27 + 58.
-87
Calculate 9 + (5 - -38 - 32).
20
What is the value of 3 - 3 - 48 - (42 - (63 + -8))?
-35
0 - 90 - (-49 + 54 + 11 + -5)
-101
Calculate -15 - (54 + -36 + -10 + (-66 - 2)).
45
Calculate -1 - -10 - (386 - 376) - 12.
-13
Calculate -9 - (-55 - -47 - 27).
26
(12 + -1 - (2 - (-33 - -30))) + 2
8
What is -1 + (31 + -26 - -42) + -1?
45
Calculate -2 + 71 + (-80 - -25) + 42.
56
-2 + -88 + 1 - (32 + -20 + 5)
-106
What is (0 - -39) + (102 - (45 - -50))?
46
Evaluate (10 - (-3 + (-13 - -32))) + (0 - -14) - 12.
-4
What is the value of 113 + (-76 - -7 - 54) - (-1 + 0 - 24)?
15
Evaluate 11 + -1 + 1 - (7 + -5).
9
What is the value of (23 - 3) + -11 + 8 - (-153 + 209)?
-39
Calculate (2 - 4 - (-7 - 12 - -19)) + 45 - 7.
36
Calculate -1 - 44 - (-2668 + 2583).
40
What is the value of -13 + (-5 + -1 - (111 + -115)) + -11 + 12?
-14
Evaluate (-15 - 61) + (52 - (11 + 11)).
-46
Calculate (-7141 - -7203) + (-103 - 0).
-41
(-6 - (3 - 6 - 8) - 2 - 3) + -8
-8
What is the value of 1 - 106 - (172 - (229 - 55))?
-103
Calculate -110 + -8 + 83 - -96.
61
What is -18 + (5 + -9 + 19 - -9) - (2 - -1)?
3
4 + (43 - 2) + 4 + (-61 - -54 - -21)
63
What is 2 + (-3 - 4) + -4 - (-13 + 19 - 13)?
-2
What is the value of 99 - -1 - (33 + 26 + -76 + 27)?
90
Evaluate 2 + -76 + 688 + -582.
32
What is -31 + 128 - (-1 + -9 - (-62 + 30))?
75
What is 7 + 27 - (-93 + (31 - -16))?
80
1 + (41 + -2 - 49) + (70 - 1) + -1
59
What is (49 - 0) + (-2547 - -2483)?
-15
What is -37 - (-145 + 22 - -170)?
-84
Calculate (-4 - -1 - 8) + -428 + 434.
-5
Evaluate (17 - 4) + (11 - (0 + 1)).
23
Evaluate 39 + (-7 - (14 - (21 + 1))).
40
What is 38 + -16 + 0 - 12 - 57?
-47
What is (-64 - (-10 - -4)) + (4 + -36 - -42)?
-48
Calculate (-83 + -1 - ((29 - 61) + 20)) + (4 - -7).
-61
What is the value of -6 + -1 - (-3 - (5 + 4)) - -32?
37
What is 2 + 0 - (-68 + 82 - (26 + -7)) - 49?
-42
What is (6 - 106) + 23 + 20 + 7?
-50
Calculate 15 - (14 - (-18 + (-15 - -12))).
-20
Evaluate 112 + -16 + -39 - 106.
-49
Calculate -2 + -55 + -79 + 72.
-64
What is 41 + -6 + (1417 - 1398)?
54
Calculate 30 + -3 - (171 - 169).
25
0 + -1 - 61 - ((-11 - -41 - -13) + -50)
-55
Calculate -35 - (97 + -224 + 94).
-2
Calculate -43 + (48 - 7) + 6.
4
96 + -75 + (-30 - 53)
-62
Calculate 5 + -21 - ((-14 - -2) + (18 - 6 - -133)).
-149
Evaluate (24 - 11) + (-8 + 35 - -3).
43
Calculate -100 + 62 + 60 - -27.
49
What is (-11 + 32 - (-7 + 9)) + -64?
-45
What is (-2 - -7) + 81 + -58 + -3?
25
Evaluate -171 + 17 + 100 + -49.
-103
What is the value of 6 - (9 + (33 - (-18 + 40)))?
-14
What is -9 + 0 + -9 + 29 - 21 - (-12 - 1)?
3
Calculate (24 - 34) + 23 - (-2 + -29).
44
-4 - ((-2 - -5) + -5 + (-282 - -289))
-9
What is 7 - 13 - (240 + -314 - (8 + 1))?
77
(0 - (-116 + -9) - (1 - -3)) + -7 + -1
113
What is -34 - (-65 - -24) - (-8 + 10 - (1 - 11))?
-5
-9 + (-27 - 11 - (9 + -6 + -4)) - -7
-39
What is (5 - ((5 - 8 - -2) + -3 + -4)) + -2?
11
-32 + -9 + (-11 - (-1 + 10 + -28))
-33
(2 - (61 - (-19 + 60))) + 30
12
Evaluate -22 - (18 + (-38 - 1 - -3 - -2)).
-6
What is the value of 30 - (35 + 61 + 1)?
-67
(-18 - (21 + -23 + -24)) + (-69 - -8)
-53
Calculate -5 + 7 + 7 + -8 + (16 - 12) + 51.
56
Calculate -2326 + 2372 - (-2 + -17).
65
Calculate -7 + -11 + 108 - 52.
38
(-13 - 1) + -139 + 194 - (5 - 6)
42
Evaluate 26 + (-26 - -8) + 2 + -8 + -4.
-2
2 + (14 - 17 - -60 - 9) + -6
44
Evaluate 76 + -56 - -45 - (2 + -25).
88
Evaluate -2 + (2 - -5) + -22 - 35.
-52
What is (77 - 93) + 12 - (2 - -118)?
-124
What is -15 - (14 + -55 + 31 - 17)?
12
Calculate 76 - (22 + 19 - 24 - 14).
73
What is the value of 114 - -15 - (-618 + 681)?
66
Evaluate 9 + 5 + -11 + 20 - 45.
-22
Calculate 63 - ((-44 - -25) + 43).
39
What is -156 + (166 - (86 - 63))?
-13
Calculate 56 - (107 - 43) - (17 - -2 - (1 - 0)).
-26
What is 8 + 0 + (-197 - -226) + (0 - -30)?
67
(-4 - (1 - 2)) + 73 + 8 + (17 - 35)
60
Calculate 49 - (11 - (31 + (-73 - -38))).
34
What is -124 + (-13 - -14 - (-3 + 9)) + (-4 - -11)?
-122
Evaluate -63 + 13 - -6 - -152.
108
What is the value of (-8 - (22 - (-1 + 14)) - 2) + -12?
-31
Calculate 2 - -64 - ((9 + -7 - 4) + (-21 - -32)).
57
What is the value of -16 - (-15 - 7 - 45)?
51
Calculate 1 + 2 + -8 + -1 + -63 + (-383 - -394).
-58
-2 + 3 + -14 + (-24665 - -24623)
-55
What is the value of 44 - (-11 - -52 - 23) - -5?
31
64 - (110 - 25) - -57
36
What is the value of 11 + 22 + -94 + (-16 - 2)?
-79
Calculate 5 - 3 - (39 + (23 - 60)).
0
Calculate (13 - (-25 - -48)) + -67 + 1 + (18 - 16).
-74
Evaluate 9 - (-42 + 81) - -14.
-16
What is (2 - 12) + 18 + -20 + (12 - 19)?
-19
Evaluate 7 + (-64 - -45) + 98.
86
What is 5 + 106 - (-8 + (36 - 22) + -4)?
109
What is the value of -2 + 111 + -5 + 2508 + -2491?
121
-139 - -83 - -41 - (-12 - 1)
-2
What is 40 - (120 - 80) - (0 + 1 + (-15 - 4))?
18
What is the value of 17 + (-15 - 8) - -43?
37
-31 + 45 + 4 - -4
22
Calculate -55 + -53 + 108 - -15.
15
What is the value of -53 + (6 - 43 - -93)?
3
Evaluate 127 + (-373 - -133) + 109.
-4
What is -66 + (9 - -85) - 52?
-24
What is the value of 10 + -2 + 2 + -32 + (-42 - -14)?
-50
What is the value of 6 + 24 + (303 - 331) + (-98 - (2 + 1))?
-99
Evaluate (14 - (-27 - (-22 - 26))) + -1 + -5.
-13
Calculate 62 - (-6 - -36 - (2 + 7)).
41
What is the value of -16 + -69 + 98 + (48 + -2 - 5)?
54
Evaluate (13 - 0) + -8 + 9 + -27 + -99.
-112
Calculate 11 + (1 - 24 - (891 - 923) - (1 + 16)).
3
Evaluate 2 - (18 + -166 - -46 - (2 - (2 + -10))).
114
Calculate 33 - ((-6 - (6 + -2)) + (153 - 138)).
28
What is -9 + 1 - (137 - 146) - (-45 + 26)?
20
(4 - 1) + (2 - 0) + (-1156 - -1158)
7
Evaluate 10 + 21 + 47 + -46.
32
What is -1 + -9 + 16 + (9 + -34 - -18)?
-1
What is the value of -11 + 3 + (75 - (-19 + 6 + 13))?
67
7 - ((6 - -10) + (-5 - -4) + 6 + -5)
-9
What is (8 - -6 - 10) + (7 - (19 + -9)) + 17?
18
What is -1786 + 1811 + (-46 - 1)?
-22
Calculate (40 + -47 - 19) + 46.
20
Calculate 8 + (-14 - -15 - (6 - (-3 - (-55 + 12)))).
43
Evaluate 19 - ((27 + -25 - 14) + 21).
10
What is 31 + -27 + 31 - 40?
-5
What is (45 - 32 - 6) + (10 + 57 - (0 - 4))?
78
Evaluate (56 + -92 - -122) + -44.
42
Evaluate (-124 + 125 - ((2 - 4) + -27)) + (14 - 11).
33
(-45 + 12 + 25 - (1 - 27)) + -5
13
What is 13 + 192 + -679 + 565?
91
88 -